- 17 = c, -c + 5*c + 13 = f. Suppose 4*i = y + 2, -4*i - f*y - 10 = -6*i. Suppose 3*u - 183 = -i*u. What is the tens digit of u?
6
Suppose 2*a - 421 = 411. Let v = a + -67. Suppose -6*r - v = -1249. What is the tens digit of r?
5
Let x = 63 - 69. Let q = x - -9. Suppose -q*h = b - 57, 5*b - h - 312 = 5. What is the units digit of b?
3
Let i = 10147 - 6593. What is the thousands digit of i?
3
What is the units digit of (19 + -2)/(49/25823)?
9
Suppose -3 = -3*n + 4*n. Let p = 7 + n. Suppose -p*a + 450 = a. What is the units digit of a?
0
Let k = -772 + 764. What is the tens digit of 530/(-3*k/60) + -3?
2
Let s = 33 - 23. Let q(r) be the third derivative of r**6/120 - r**5/6 + r**4 - 10*r**3/3 + 3*r**2 + 1. What is the hundreds digit of q(s)?
2
Let j = 2 + 0. Suppose 4 = 4*c - t, 4*t = j*c + 2*t - 2. What is the units digit of 0 + -3 + (99 - c)?
5
Suppose -4*f + 4 = -3*t, t - 5*t + 5*f = 4. Suppose 6*z = 5*z + t. What is the units digit of z/(-24) + (-842)/(-12)?
0
Let z be (33 - (1 + -3)) + 1. Let i be (-98)/(-12) + (-6)/z. Suppose i*v = 1712 + 176. What is the units digit of v?
6
Suppose -50*v - s + 29521 = -46*v, 4*v - 29530 = 2*s. What is the hundreds digit of v?
3
Let w(y) = y**2 - 8*y - 22. Suppose 7*r - 5*r + 5*c - 47 = 0, 2*c = 5*r - 45. Let z be w(r). Suppose -z*s + 7*s = -612. What is the units digit of s?
3
Let u be 3 + (-8 - -3)*(-2)/(-5). Let j be (14/42)/(u/114). Let b = 1 + j. What is the tens digit of b?
3
Let g = 1038 + -978. What is the hundreds digit of 368 + g/(-70)*(-7)/2?
3
Let r = 41946 + -14629. What is the thousands digit of r?
7
Let d(g) = -11*g**3 + 10*g**2 + 27*g + 9. Let r be d(-7). Suppose 643 = -16*h + r. Suppose h - 5 = j. What is the tens digit of j?
1
Let z be 0/(((-40)/4)/(-5)). Let f be (z/(-4))/((-6)/(-2)). Suppose f = -2*c + 27 + 7. What is the units digit of c?
7
Let m(h) = -38*h - 184. Let k be m(-5). What is the tens digit of (1866/4)/((-78)/(-12) - k)?
3
Let i(l) = -l**3 + 6*l**2 + l - 3. Let j be i(3). Let z(s) = 10*s + 9*s + 7 - 31*s - j*s. What is the hundreds digit of z(-3)?
1
Let v = -27 - -40. Let c(o) be the second derivative of o**4/12 - o**3/6 + o**2/2 - 4*o. What is the hundreds digit of c(v)?
1
Let f = -254 - -261. What is the hundreds digit of ((-103)/2)/((56/(-48))/f)?
3
Let f = -26 + 31. Suppose -f*g - 3*n + 915 - 107 = 0, 644 = 4*g + 3*n. What is the hundreds digit of g?
1
Let s be (-2148)/(-18) - 1 - 4/3. Suppose -121*a = -s*a - 84. What is the units digit of a?
1
Let g = 5525 + 7408. What is the units digit of g?
3
Let o(s) = 1366*s + 434. What is the units digit of o(6)?
0
Suppose p + 1 = 0, 196*p + 221 = 4*s + 195*p. What is the units digit of s?
5
Let o(x) = x**2 + 8*x - 33. Let g be o(-11). What is the units digit of 1333 + g + (-58 - -61)?
6
Let d(p) = p**2 - 9*p + 30. Let g be 6/(-5)*((-30)/4)/3. Let h be (1 - -9) + g/1. What is the tens digit of d(h)?
8
Let w = -3750 + 4228. What is the tens digit of w?
7
Let y = 3090 - -14665. What is the units digit of y?
5
Suppose 0*i = i - 14. Let k = i - 10. Let u(o) = 3*o**2 - o + 25. What is the units digit of u(k)?
9
Suppose 9*h + 6478 = 10*h. What is the tens digit of h?
7
Let q be 1436 + (2 - (100/4)/5). Suppose -5*r = o - q, r = -o + 85 + 204. What is the hundreds digit of r?
2
Suppose 3198*r - 3185*r = 154011. What is the tens digit of r?
4
Let y(b) = -453*b - 11. Let i be y(-5). Suppose 12*p - 5*p - i = 0. Suppose -4*o - p = -2*m, 0 = -3*m + 4*o - 0*o + 487. What is the hundreds digit of m?
1
What is the hundreds digit of (34 - 69)/((-3)/15)?
1
Suppose -7*a = -10*a + 43920. Suppose 2*q - a = -0*q. What is the tens digit of ((-32)/6)/2*q/(-80)?
4
Let g(q) = -2*q**2 + 67*q + 32. Let j be g(34). What is the units digit of (18/12 + j)*-916 - 1?
7
Let s = 119 + -42. Let l = s + -11. What is the units digit of l?
6
Suppose 3*g - 371 = -80. Let s = -140 + g. Let q = s - -97. What is the units digit of q?
4
Let w = -33 + 35. Let u = -4 - -7. Suppose 0 = -w*p - 5*x + 150, -7*x + u*x = 0. What is the units digit of p?
5
Suppose -141 = -3*k + 165. Let o = k - 102. Suppose o = 2*h - 2*r - 3*r - 57, h - 27 = 2*r. What is the units digit of h?
1
Suppose -5*t = -6*t - 5*t + 14286. What is the units digit of t?
1
Suppose 44*q - 30046 - 10390 = 0. What is the hundreds digit of (3 + q)/(7*8/28)?
4
Suppose -3*g + 4*i = -19596, -4*g = -4*i + 4672 - 30808. What is the units digit of g?
0
Let g(o) = 10*o**3 + 254*o**2 - 4438*o + 17. What is the hundreds digit of g(18)?
7
Let t(h) = 8*h - 19. Let n be t(3). Suppose n*l + 7 = -3, -117 = q + 2*l. What is the tens digit of q/(-2) + (-4)/8?
5
Let x = 162 - 168. What is the hundreds digit of (2 + x/2)/((-3)/444)?
1
Suppose 15876 = 2*n + 4*k, -8 = -2*k - 22. What is the hundreds digit of n?
9
Suppose a = -5*w + 11087, 0 = -5*a - 73*w + 76*w + 55211. What is the thousands digit of a?
1
Suppose 7*n = -23*n - 120. What is the units digit of (-3111)/n*(-196)/(-147)?
7
Let t = 2824 + -1969. Suppose 0 = -13*k + 2434 + t. What is the tens digit of k?
5
What is the tens digit of (15/4)/((-21)/70*45/(-27396))?
1
Suppose 19*v + 11*v = 102600. Suppose -4*i - 5*r = -v, -2*r + 5*r - 4262 = -5*i. What is the units digit of i?
0
Let w = 31797 + -1883. What is the ten thousands digit of w?
2
Let x(c) = c**3 + 7*c**2 - 4*c + 5. Let m be x(-8). Let z be (m/4)/((-18)/1200). Suppose -4*f + 9*f - z = 0. What is the units digit of f?
0
Let l(g) = 85*g**2 + g - 17. Let t be l(3). Suppose v - 4*n - 138 = 0, 0 = -5*v - 5*n + t - 136. What is the hundreds digit of v?
1
Suppose 103*z - 9177 = 68*z + 6748. What is the tens digit of z?
5
Let q(i) = 80*i**2 + 65*i - 915. What is the units digit of q(19)?
0
Suppose 4*f - u = -2*u + 551, -2*f = -2*u - 278. Let x be (-21)/3 + 4 - 58. Let h = f + x. What is the units digit of h?
7
What is the hundreds digit of (-45 + 24)*-6*(1004/6)/2?
5
Suppose 2*b = 4*q + 66504, q - 99742 = -324*b + 321*b. What is the hundreds digit of b?
2
Suppose 38 + 185 = -2*b + 5*s, b - 4*s + 119 = 0. What is the tens digit of (b/(-198))/(645/(-646) + 1)?
2
Let o(g) = 4*g**2 + 184*g + 30. Let d be o(-15). Let t = d + 2928. What is the thousands digit of t?
1
Suppose -3*y + 23203 = -2*u, 19041 - 3563 = 2*y + u. What is the hundreds digit of y?
7
Let s(x) = 4*x - 9. Let o be s(5). Suppose -1052 = o*t - 4363. What is the tens digit of t?
0
Suppose 5*j - 112644 = 3*l + 106647, 0 = -2*j + 3*l + 87711. What is the tens digit of j?
6
Let u be (-1)/((13 - 5)/32). What is the units digit of 234 + (u/10)/((-5)/25)?
6
Let k(t) = 497*t**2 - 2*t + 3. Let j be k(2). Suppose 3*i + 942 = p, -i - 82 + j = 2*p. What is the units digit of p?
1
Let p be ((-20)/6)/((-4)/(-6)). Let q be -3*(((-40)/12)/p - 2). Suppose 2*t - 5*t + 57 = 2*n, -q*t = n - 41. What is the tens digit of n?
2
What is the tens digit of ((-2816)/(-2464))/((-4)/(-3031))?
6
Suppose -8*s + 636 = -3*s + 3*t, s = 4*t + 118. Let b = 62 - 129. Let f = s + b. What is the tens digit of f?
5
Let i be (895 + 3)*-1*4/8. Let n = -70 - i. What is the tens digit of n?
7
Let s be (3 + -1)*(-10 - -15). Let o be (-4)/6*645/s. Let n = o + 140. What is the tens digit of n?
9
Let n be (14/(-7))/(-6) - 847/3. Let k = n + 414. What is the tens digit of k?
3
Suppose -2*n + 120534 = 2*w, -4*w = -4*n - 291149 + 50081. What is the thousands digit of w?
0
Suppose 168 = -4*c + c. Let g be (c/(-42))/(1 - 14/18). Let k = g - -89. What is the units digit of k?
5
Suppose 15*p - 154 = 26*p. Let w = p - -841. What is the units digit of w?
7
Suppose 0 = 5*q - 5*d - 111 - 64, 0 = 4*d. Suppose q = -5*k + p - 50, -5*k + 4*p = 70. What is the hundreds digit of (-6 - k)*17*(-2)/(-4)?
1
What is the thousands digit of 6869*(-9 - -16 - 6)?
6
Suppose o = 2*i + 9, 5*o - 40 = i + 23. Suppose -70 = -5*t - 2*s, 2*s - 3 = -o. What is the tens digit of (51/6)/(4/t)?
3
What is the hundreds digit of (-198152)/85*15/(-6)?
8
Suppose 13*h - 11*h - 660 = 0. Let m = 176 - h. Let l = 272 + m. What is the tens digit of l?
1
Let o(b) = -6*b + 6. Let y(x) = -3*x + 3. Let q(k) = 4*o(k) - 9*y(k). Let d be q(-1). What is the tens digit of (0 - -1) + d + 82?
7
Let n = -20376 - -29683. What is the units digit of n?
7
Let n(b) = -520*b + 636. What is the thousands digit of n(-21)?
1
Let u = -43 - -7. Let n = -44 - u. Let d(b) = b**3 +